{"id":239,"date":"2024-02-01T10:09:58","date_gmt":"2024-02-01T09:09:58","guid":{"rendered":"http:\/\/www1.giannibianchini.it\/giannibianchini.it\/?page_id=239"},"modified":"2025-05-09T10:55:36","modified_gmt":"2025-05-09T08:55:36","slug":"corsi","status":"publish","type":"page","link":"https:\/\/www.giannibianchini.it\/index.php\/corsi\/","title":{"rendered":"Corsi"},"content":{"rendered":"\t\t<div data-elementor-type=\"wp-page\" data-elementor-id=\"239\" class=\"elementor elementor-239\">\n\t\t\t\t<div class=\"wpr-jarallax elementor-element elementor-element-a06dc11 wpr-jarallax-yes e-flex e-con-boxed wpr-particle-no wpr-sticky-section-no e-con e-parent\" speed-data=\"1.4\" bg-image=\"\" scroll-effect=\"scroll\" data-id=\"a06dc11\" data-element_type=\"container\" data-e-type=\"container\" data-settings=\"{&quot;background_background&quot;:&quot;classic&quot;}\">\n\t\t\t\t\t<div class=\"e-con-inner\">\n\t\t\t\t<div class=\"elementor-element elementor-element-c60950e elementor-widget elementor-widget-spacer\" data-id=\"c60950e\" data-element_type=\"widget\" data-e-type=\"widget\" data-widget_type=\"spacer.default\">\n\t\t\t\t<div class=\"elementor-widget-container\">\n\t\t\t\t\t\t\t<div class=\"elementor-spacer\">\n\t\t\t<div class=\"elementor-spacer-inner\"><\/div>\n\t\t<\/div>\n\t\t\t\t\t\t<\/div>\n\t\t\t\t<\/div>\n\t\t\t\t\t<\/div>\n\t\t\t\t<\/div>\n\t\t<div class=\"elementor-element elementor-element-20343a5 e-flex e-con-boxed wpr-particle-no wpr-jarallax-no wpr-parallax-no wpr-sticky-section-no e-con e-parent\" data-id=\"20343a5\" data-element_type=\"container\" data-e-type=\"container\">\n\t\t\t\t\t<div class=\"e-con-inner\">\n\t\t\t\t<div class=\"elementor-element elementor-element-69c71f4 elementor-widget elementor-widget-spacer\" data-id=\"69c71f4\" data-element_type=\"widget\" data-e-type=\"widget\" data-widget_type=\"spacer.default\">\n\t\t\t\t<div class=\"elementor-widget-container\">\n\t\t\t\t\t\t\t<div class=\"elementor-spacer\">\n\t\t\t<div class=\"elementor-spacer-inner\"><\/div>\n\t\t<\/div>\n\t\t\t\t\t\t<\/div>\n\t\t\t\t<\/div>\n\t\t\t\t\t<\/div>\n\t\t\t\t<\/div>\n\t\t<div class=\"elementor-element elementor-element-a971b2c e-flex e-con-boxed wpr-particle-no wpr-jarallax-no wpr-parallax-no wpr-sticky-section-no e-con e-parent\" data-id=\"a971b2c\" data-element_type=\"container\" data-e-type=\"container\">\n\t\t\t\t\t<div class=\"e-con-inner\">\n\t\t\t\t<div class=\"elementor-element elementor-element-f84bec8 elementor-widget elementor-widget-heading\" data-id=\"f84bec8\" data-element_type=\"widget\" data-e-type=\"widget\" data-widget_type=\"heading.default\">\n\t\t\t\t<div class=\"elementor-widget-container\">\n\t\t\t\t\t<h2 class=\"elementor-heading-title elementor-size-default\">CORSI DI FORMAZIONE,  STRATEGIA E METEO<\/h2>\t\t\t\t<\/div>\n\t\t\t\t<\/div>\n\t\t\t\t\t<\/div>\n\t\t\t\t<\/div>\n\t\t<div class=\"elementor-element elementor-element-aeed250 e-flex e-con-boxed wpr-particle-no wpr-jarallax-no wpr-parallax-no wpr-sticky-section-no e-con e-parent\" data-id=\"aeed250\" data-element_type=\"container\" data-e-type=\"container\">\n\t\t\t\t\t<div class=\"e-con-inner\">\n\t\t\t\t<div class=\"elementor-element elementor-element-282aa2e elementor-widget elementor-widget-text-editor\" data-id=\"282aa2e\" data-element_type=\"widget\" data-e-type=\"widget\" data-widget_type=\"text-editor.default\">\n\t\t\t\t<div class=\"elementor-widget-container\">\n\t\t\t\t\t\t\t\t\t<h5>Sia che tu sia un velista che ama la competizione oppure un amante delle crociere rilassanti, comprendere e padroneggiare la strategia meteo e il routing \u00e8 fondamentale per massimizzare il tuo piacere e la tua performance in mare.\u00a0<\/h5><p>Il nostro corso \u00e8 progettato per soddisfare le esigenze di tutte le categorie di velisti, offrendo una formazione completa e pratica per navigare in sicurezza e con successo in diverse condizioni meteorologiche.<\/p>\t\t\t\t\t\t\t\t<\/div>\n\t\t\t\t<\/div>\n\t\t\t\t\t<\/div>\n\t\t\t\t<\/div>\n\t\t<div class=\"elementor-element elementor-element-8d00520 e-flex e-con-boxed wpr-particle-no wpr-jarallax-no wpr-parallax-no wpr-sticky-section-no e-con e-parent\" data-id=\"8d00520\" data-element_type=\"container\" data-e-type=\"container\">\n\t\t\t\t\t<div class=\"e-con-inner\">\n\t\t<div class=\"elementor-element elementor-element-34c3227 e-con-full e-flex wpr-particle-no wpr-jarallax-no wpr-parallax-no wpr-sticky-section-no e-con e-child\" data-id=\"34c3227\" data-element_type=\"container\" data-e-type=\"container\">\n\t\t\t\t<div class=\"elementor-element elementor-element-71a0529 elementor-widget elementor-widget-image\" data-id=\"71a0529\" data-element_type=\"widget\" data-e-type=\"widget\" data-widget_type=\"image.default\">\n\t\t\t\t<div class=\"elementor-widget-container\">\n\t\t\t\t\t\t\t\t\t\t\t\t\t\t\t<img fetchpriority=\"high\" decoding=\"async\" width=\"360\" height=\"270\" src=\"https:\/\/i0.wp.com\/www.giannibianchini.it\/wp-content\/uploads\/2024\/01\/b3h-corsi.png?fit=360%2C270&amp;ssl=1\" class=\"attachment-large size-large wp-image-173\" alt=\"\" srcset=\"https:\/\/i0.wp.com\/www.giannibianchini.it\/wp-content\/uploads\/2024\/01\/b3h-corsi.png?w=360&amp;ssl=1 360w, https:\/\/i0.wp.com\/www.giannibianchini.it\/wp-content\/uploads\/2024\/01\/b3h-corsi.png?resize=300%2C225&amp;ssl=1 300w\" sizes=\"(max-width: 360px) 100vw, 360px\" \/>\t\t\t\t\t\t\t\t\t\t\t\t\t\t\t<\/div>\n\t\t\t\t<\/div>\n\t\t\t\t<\/div>\n\t\t<div class=\"elementor-element elementor-element-0cc5db1 e-con-full e-flex wpr-particle-no wpr-jarallax-no wpr-parallax-no wpr-sticky-section-no e-con e-child\" data-id=\"0cc5db1\" data-element_type=\"container\" data-e-type=\"container\">\n\t\t\t\t<div class=\"elementor-element elementor-element-a0fc013 elementor-widget elementor-widget-image\" data-id=\"a0fc013\" data-element_type=\"widget\" data-e-type=\"widget\" data-widget_type=\"image.default\">\n\t\t\t\t<div class=\"elementor-widget-container\">\n\t\t\t\t\t\t\t\t\t\t\t\t\t\t\t<img decoding=\"async\" width=\"360\" height=\"270\" src=\"https:\/\/i0.wp.com\/www.giannibianchini.it\/wp-content\/uploads\/2024\/01\/b1h-meteo-1.png?fit=360%2C270&amp;ssl=1\" class=\"attachment-large size-large wp-image-177\" alt=\"\" srcset=\"https:\/\/i0.wp.com\/www.giannibianchini.it\/wp-content\/uploads\/2024\/01\/b1h-meteo-1.png?w=360&amp;ssl=1 360w, https:\/\/i0.wp.com\/www.giannibianchini.it\/wp-content\/uploads\/2024\/01\/b1h-meteo-1.png?resize=300%2C225&amp;ssl=1 300w\" sizes=\"(max-width: 360px) 100vw, 360px\" \/>\t\t\t\t\t\t\t\t\t\t\t\t\t\t\t<\/div>\n\t\t\t\t<\/div>\n\t\t\t\t<\/div>\n\t\t<div class=\"elementor-element elementor-element-02f2c58 e-con-full e-flex wpr-particle-no wpr-jarallax-no wpr-parallax-no wpr-sticky-section-no e-con e-child\" data-id=\"02f2c58\" data-element_type=\"container\" data-e-type=\"container\">\n\t\t\t\t<div class=\"elementor-element elementor-element-30887bd elementor-widget elementor-widget-image\" data-id=\"30887bd\" data-element_type=\"widget\" data-e-type=\"widget\" data-widget_type=\"image.default\">\n\t\t\t\t<div class=\"elementor-widget-container\">\n\t\t\t\t\t\t\t\t\t\t\t\t\t\t\t<img decoding=\"async\" width=\"360\" height=\"270\" src=\"https:\/\/i0.wp.com\/www.giannibianchini.it\/wp-content\/uploads\/2024\/01\/b2h-performance.png?fit=360%2C270&amp;ssl=1\" class=\"attachment-large size-large wp-image-171\" alt=\"\" srcset=\"https:\/\/i0.wp.com\/www.giannibianchini.it\/wp-content\/uploads\/2024\/01\/b2h-performance.png?w=360&amp;ssl=1 360w, https:\/\/i0.wp.com\/www.giannibianchini.it\/wp-content\/uploads\/2024\/01\/b2h-performance.png?resize=300%2C225&amp;ssl=1 300w\" sizes=\"(max-width: 360px) 100vw, 360px\" \/>\t\t\t\t\t\t\t\t\t\t\t\t\t\t\t<\/div>\n\t\t\t\t<\/div>\n\t\t\t\t<\/div>\n\t\t<div class=\"elementor-element elementor-element-6e253ee e-con-full e-flex wpr-particle-no wpr-jarallax-no wpr-parallax-no wpr-sticky-section-no e-con e-child\" data-id=\"6e253ee\" data-element_type=\"container\" data-e-type=\"container\">\n\t\t\t\t<div class=\"elementor-element elementor-element-6b2534a elementor-widget elementor-widget-heading\" data-id=\"6b2534a\" data-element_type=\"widget\" data-e-type=\"widget\" data-widget_type=\"heading.default\">\n\t\t\t\t<div class=\"elementor-widget-container\">\n\t\t\t\t\t<h4 class=\"elementor-heading-title elementor-size-default\">CORSO BASE <\/h4>\t\t\t\t<\/div>\n\t\t\t\t<\/div>\n\t\t\t\t<div class=\"elementor-element elementor-element-ab13d7b elementor-widget elementor-widget-text-editor\" data-id=\"ab13d7b\" data-element_type=\"widget\" data-e-type=\"widget\" data-widget_type=\"text-editor.default\">\n\t\t\t\t<div class=\"elementor-widget-container\">\n\t\t\t\t\t\t\t\t\t<p>Su tre giornate in moduli da due ore imparerai le basi della meteorologia e delle polari. Sarai in grado di effettuare routage verso un punto o su una rotta, non in modo meccanico, ma in grado di comprendere a pieno che cosa ti troverai ad affrontare<\/p>\t\t\t\t\t\t\t\t<\/div>\n\t\t\t\t<\/div>\n\t\t\t\t<\/div>\n\t\t<div class=\"elementor-element elementor-element-e85c4f1 e-con-full e-flex wpr-particle-no wpr-jarallax-no wpr-parallax-no wpr-sticky-section-no e-con e-child\" data-id=\"e85c4f1\" data-element_type=\"container\" data-e-type=\"container\">\n\t\t\t\t<div class=\"elementor-element elementor-element-85ff452 elementor-widget elementor-widget-heading\" data-id=\"85ff452\" data-element_type=\"widget\" data-e-type=\"widget\" data-widget_type=\"heading.default\">\n\t\t\t\t<div class=\"elementor-widget-container\">\n\t\t\t\t\t<h4 class=\"elementor-heading-title elementor-size-default\">CORSO RACE<\/h4>\t\t\t\t<\/div>\n\t\t\t\t<\/div>\n\t\t\t\t<div class=\"elementor-element elementor-element-c05a3ce elementor-widget elementor-widget-text-editor\" data-id=\"c05a3ce\" data-element_type=\"widget\" data-e-type=\"widget\" data-widget_type=\"text-editor.default\">\n\t\t\t\t<div class=\"elementor-widget-container\">\n\t\t\t\t\t\t\t\t\t<p>Il corso race \u00e8 destinato a velisti che hanno gi\u00e0 una base di routage e consentir\u00e0 di affrontare degli argomenti piu avanzati di meteorologia ma soprattutto di adottare una routine e di valutare le possibili variazioni di rotte per vincere una regata o comprendere meglio gli scenari da affrontare.<\/p>\t\t\t\t\t\t\t\t<\/div>\n\t\t\t\t<\/div>\n\t\t\t\t<\/div>\n\t\t<div class=\"elementor-element elementor-element-97e6376 e-con-full e-flex wpr-particle-no wpr-jarallax-no wpr-parallax-no wpr-sticky-section-no e-con e-child\" data-id=\"97e6376\" data-element_type=\"container\" data-e-type=\"container\">\n\t\t\t\t<div class=\"elementor-element elementor-element-f83ae52 elementor-widget elementor-widget-heading\" data-id=\"f83ae52\" data-element_type=\"widget\" data-e-type=\"widget\" data-widget_type=\"heading.default\">\n\t\t\t\t<div class=\"elementor-widget-container\">\n\t\t\t\t\t<h4 class=\"elementor-heading-title elementor-size-default\">CORSO NAVIGATORE PRO<\/h4>\t\t\t\t<\/div>\n\t\t\t\t<\/div>\n\t\t\t\t<div class=\"elementor-element elementor-element-592d9ba elementor-widget elementor-widget-text-editor\" data-id=\"592d9ba\" data-element_type=\"widget\" data-e-type=\"widget\" data-widget_type=\"text-editor.default\">\n\t\t\t\t<div class=\"elementor-widget-container\">\n\t\t\t\t\t\t\t\t\t<p>Questo corso \u00e8 personalizzato e basato sulle singole esigenze del navigatore. E&#8217; pensato per chi compete su gare di alto livello come Fastnet, Middle Sea Race, Transat&#8230; Molto spesso ci si concentra su manovre e conduzione ma restano lacune su stratigia e meteo&#8230; Dove si va?<\/p>\t\t\t\t\t\t\t\t<\/div>\n\t\t\t\t<\/div>\n\t\t\t\t<\/div>\n\t\t\t\t\t<\/div>\n\t\t\t\t<\/div>\n\t\t<div class=\"elementor-element elementor-element-cb5de25 e-flex e-con-boxed wpr-particle-no wpr-jarallax-no wpr-parallax-no wpr-sticky-section-no e-con e-parent\" data-id=\"cb5de25\" data-element_type=\"container\" data-e-type=\"container\">\n\t\t\t\t\t<div class=\"e-con-inner\">\n\t\t\t\t<div class=\"elementor-element elementor-element-7e84e8e elementor-widget elementor-widget-eael-adv-tabs\" data-id=\"7e84e8e\" data-element_type=\"widget\" data-e-type=\"widget\" data-widget_type=\"eael-adv-tabs.default\">\n\t\t\t\t<div class=\"elementor-widget-container\">\n\t\t\t\t\t        <div data-scroll-on-click=\"no\" data-scroll-speed=\"300\" id=\"eael-advance-tabs-7e84e8e\" class=\"eael-advance-tabs eael-tabs-horizontal eael-tab-auto-active \" data-tabid=\"7e84e8e\">\n            <div class=\"eael-tabs-nav \">\n                <ul class=\"eael-tab-inline-icon\" role=\"tablist\">\n                                            <li id=\"cosa-imparerai\" class=\"inactive eael-tab-item-trigger eael-tab-nav-item\" aria-selected=\"true\" data-tab=\"1\" role=\"tab\" tabindex=\"0\" aria-controls=\"cosa-imparerai-tab\" aria-expanded=\"false\">\n                            \n                                                                <svg class=\"e-font-icon-svg e-fas-chalkboard-teacher\" viewBox=\"0 0 640 512\" xmlns=\"http:\/\/www.w3.org\/2000\/svg\"><path d=\"M208 352c-2.39 0-4.78.35-7.06 1.09C187.98 357.3 174.35 360 160 360c-14.35 0-27.98-2.7-40.95-6.91-2.28-.74-4.66-1.09-7.05-1.09C49.94 352-.33 402.48 0 464.62.14 490.88 21.73 512 48 512h224c26.27 0 47.86-21.12 48-47.38.33-62.14-49.94-112.62-112-112.62zm-48-32c53.02 0 96-42.98 96-96s-42.98-96-96-96-96 42.98-96 96 42.98 96 96 96zM592 0H208c-26.47 0-48 22.25-48 49.59V96c23.42 0 45.1 6.78 64 17.8V64h352v288h-64v-64H384v64h-76.24c19.1 16.69 33.12 38.73 39.69 64H592c26.47 0 48-22.25 48-49.59V49.59C640 22.25 618.47 0 592 0z\"><\/path><\/svg>                                                            \n                                                            <span class=\"eael-tab-title title-after-icon\" >Cosa Imparerai<\/span>                            \n                                                    <\/li>\n                                            <li id=\"a-chi-rivolto\" class=\"inactive eael-tab-item-trigger eael-tab-nav-item\" aria-selected=\"false\" data-tab=\"2\" role=\"tab\" tabindex=\"-1\" aria-controls=\"a-chi-rivolto-tab\" aria-expanded=\"false\">\n                            \n                                                                <svg class=\"e-font-icon-svg e-fas-sun\" viewBox=\"0 0 512 512\" xmlns=\"http:\/\/www.w3.org\/2000\/svg\"><path d=\"M256 160c-52.9 0-96 43.1-96 96s43.1 96 96 96 96-43.1 96-96-43.1-96-96-96zm246.4 80.5l-94.7-47.3 33.5-100.4c4.5-13.6-8.4-26.5-21.9-21.9l-100.4 33.5-47.4-94.8c-6.4-12.8-24.6-12.8-31 0l-47.3 94.7L92.7 70.8c-13.6-4.5-26.5 8.4-21.9 21.9l33.5 100.4-94.7 47.4c-12.8 6.4-12.8 24.6 0 31l94.7 47.3-33.5 100.5c-4.5 13.6 8.4 26.5 21.9 21.9l100.4-33.5 47.3 94.7c6.4 12.8 24.6 12.8 31 0l47.3-94.7 100.4 33.5c13.6 4.5 26.5-8.4 21.9-21.9l-33.5-100.4 94.7-47.3c13-6.5 13-24.7.2-31.1zm-155.9 106c-49.9 49.9-131.1 49.9-181 0-49.9-49.9-49.9-131.1 0-181 49.9-49.9 131.1-49.9 181 0 49.9 49.9 49.9 131.1 0 181z\"><\/path><\/svg>                                                            \n                                                            <span class=\"eael-tab-title title-after-icon\" >A chi \u00e8 rivolto<\/span>                            \n                                                    <\/li>\n                                            <li id=\"metodologia\" class=\"inactive eael-tab-item-trigger eael-tab-nav-item\" aria-selected=\"false\" data-tab=\"3\" role=\"tab\" tabindex=\"-1\" aria-controls=\"metodologia-tab\" aria-expanded=\"false\">\n                            \n                                                                <svg class=\"e-font-icon-svg e-fas-home\" viewBox=\"0 0 576 512\" xmlns=\"http:\/\/www.w3.org\/2000\/svg\"><path d=\"M280.37 148.26L96 300.11V464a16 16 0 0 0 16 16l112.06-.29a16 16 0 0 0 15.92-16V368a16 16 0 0 1 16-16h64a16 16 0 0 1 16 16v95.64a16 16 0 0 0 16 16.05L464 480a16 16 0 0 0 16-16V300L295.67 148.26a12.19 12.19 0 0 0-15.3 0zM571.6 251.47L488 182.56V44.05a12 12 0 0 0-12-12h-56a12 12 0 0 0-12 12v72.61L318.47 43a48 48 0 0 0-61 0L4.34 251.47a12 12 0 0 0-1.6 16.9l25.5 31A12 12 0 0 0 45.15 301l235.22-193.74a12.19 12.19 0 0 1 15.3 0L530.9 301a12 12 0 0 0 16.9-1.6l25.5-31a12 12 0 0 0-1.7-16.93z\"><\/path><\/svg>                                                            \n                                                            <span class=\"eael-tab-title title-after-icon\" >Metodologia<\/span>                            \n                                                    <\/li>\n                    \n                                  <\/ul>\n            <\/div>\n            \n            <div class=\"eael-tabs-content\">\n\t\t        \n                    <div id=\"cosa-imparerai-tab\" class=\"clearfix eael-tab-content-item inactive\" data-title-link=\"cosa-imparerai-tab\">\n\t\t\t\t        <ol><li><p><strong>Fondamenti della Meteorologia Marittima<\/strong>: Acquisirai conoscenze fondamentali sulla formazione del tempo e dei sistemi meteorologici che influenzano le condizioni in mare, inclusi concetti come pressione atmosferica, venti, correnti e fronti meteorologici.<\/p><\/li><li><p><strong>Interpretazione delle Mappe e dei Modelli Meteorologici<\/strong>: Imparerai a leggere e interpretare mappe meteorologiche, modelli e previsioni, utilizzando strumenti moderni e tecnologie avanzate per prendere decisioni informate durante la navigazione.<\/p><\/li><li><p><strong>Strategie di Routing Ottimizzate<\/strong>: Approfondirai le strategie di routing ottimizzate per le regate competitive e le crociere, comprendendo come pianificare itinerari efficaci, evitare le condizioni meteorologiche avverse e sfruttare al meglio i venti e le correnti.<\/p><\/li><li><p><strong>Utilizzo di Strumenti e Risorse Tecnologiche<\/strong>: Esplorerai l&#8217;uso di strumenti e risorse tecnologiche, come radar, GPS, AIS e software di routing, per migliorare la tua capacit\u00e0 di navigare in sicurezza e con precisione.<\/p><\/li><li><p><strong>Gestione dei Rischi e Sicurezza in Mare<\/strong>: Capirai l&#8217;importanza della gestione dei rischi e della sicurezza in mare, imparando le migliori pratiche per affrontare situazioni di emergenza e navigare in condizioni meteorologiche impegnative.<\/p><\/li><\/ol>                    <\/div>\n\t\t        \n                    <div id=\"a-chi-rivolto-tab\" class=\"clearfix eael-tab-content-item inactive\" data-title-link=\"a-chi-rivolto-tab\">\n\t\t\t\t        <ul><li><p><strong>Velisti Competitivi<\/strong>: Se partecipi a regate competitive, questo corso ti dar\u00e0 un vantaggio strategico, aiutandoti a prendere decisioni rapide e intelligenti per ottenere prestazioni migliori.<\/p><\/li><li><p><strong>Velisti da Crociera<\/strong>: Se preferisci crociere rilassanti, questo corso ti fornir\u00e0 le conoscenze necessarie per pianificare itinerari sicuri e piacevoli, evitando le tempeste e sfruttando al meglio le condizioni meteorologiche favorevoli.<\/p><\/li><\/ul>                    <\/div>\n\t\t        \n                    <div id=\"metodologia-tab\" class=\"clearfix eael-tab-content-item inactive\" data-title-link=\"metodologia-tab\">\n\t\t\t\t        <p>Il nostro corso combina lezioni teoriche con sessioni pratiche sul campo, offrendo un approccio equilibrato che ti permetter\u00e0 di applicare immediatamente ci\u00f2 che impari. Le lezioni sono condotte da esperti nel settore della vela e della meteorologia marittima, garantendo un apprendimento di alta qualit\u00e0 e una comprensione approfondita dei concetti trattati.<\/p><p>Non importa se sei un principiante assoluto o un velista esperto, il nostro corso \u00e8 adatto a tutti i livelli di competenza. Sia che tu stia cercando di migliorare le tue prestazioni in regata o semplicemente di goderti al meglio le tue avventure in mare, il Corso di Formazione di Strategia Meteo e Routing per Barche a Vela \u00e8 la tua chiave per navigare con successo e sicurezza in ogni situazione.<\/p>                    <\/div>\n\t\t                    <\/div>\n        <\/div>\n\t\t\t\t<\/div>\n\t\t\t\t<\/div>\n\t\t\t\t\t<\/div>\n\t\t\t\t<\/div>\n\t\t<div class=\"elementor-element elementor-element-b8a8f7a e-flex e-con-boxed wpr-particle-no wpr-jarallax-no wpr-parallax-no wpr-sticky-section-no e-con e-parent\" data-id=\"b8a8f7a\" data-element_type=\"container\" data-e-type=\"container\" data-settings=\"{&quot;background_background&quot;:&quot;classic&quot;}\">\n\t\t\t\t\t<div class=\"e-con-inner\">\n\t\t\t\t<div class=\"elementor-element elementor-element-b3968ab elementor-widget elementor-widget-spacer\" data-id=\"b3968ab\" data-element_type=\"widget\" data-e-type=\"widget\" data-widget_type=\"spacer.default\">\n\t\t\t\t<div class=\"elementor-widget-container\">\n\t\t\t\t\t\t\t<div class=\"elementor-spacer\">\n\t\t\t<div class=\"elementor-spacer-inner\"><\/div>\n\t\t<\/div>\n\t\t\t\t\t\t<\/div>\n\t\t\t\t<\/div>\n\t\t\t\t\t<\/div>\n\t\t\t\t<\/div>\n\t\t\t\t<\/div>\n\t\t","protected":false},"excerpt":{"rendered":"<p>CORSI DI FORMAZIONE, STRATEGIA E METEO Sia che tu sia un velista che ama la competizione oppure un amante delle crociere rilassanti, comprendere e padroneggiare la strategia meteo e il routing \u00e8 fondamentale per massimizzare il tuo piacere e la tua performance in mare.\u00a0 Il nostro corso \u00e8 progettato per soddisfare le esigenze di tutte le categorie di velisti, offrendo una formazione completa e pratica per navigare in sicurezza e con successo in diverse condizioni meteorologiche. CORSO BASE Su tre giornate in moduli da due ore imparerai le basi della meteorologia e delle polari. Sarai in grado di effettuare routage verso un punto o su una rotta, non in modo meccanico, ma in grado di comprendere a pieno che cosa ti troverai ad affrontare CORSO RACE Il corso race \u00e8 destinato a velisti che hanno gi\u00e0 una base di routage e consentir\u00e0 di affrontare degli argomenti piu avanzati di meteorologia ma soprattutto di adottare una routine e di valutare le possibili variazioni di rotte per vincere una regata o comprendere meglio gli scenari da affrontare. CORSO NAVIGATORE PRO Questo corso \u00e8 personalizzato e basato sulle singole esigenze del navigatore. E&#8217; pensato per chi compete su gare di alto livello come Fastnet, Middle Sea Race, Transat&#8230; Molto spesso ci si concentra su manovre e conduzione ma restano lacune su stratigia e meteo&#8230; Dove si va? Cosa Imparerai A chi \u00e8 rivolto Metodologia Fondamenti della Meteorologia Marittima: Acquisirai conoscenze fondamentali sulla formazione del tempo e dei sistemi meteorologici che influenzano le condizioni in mare, inclusi concetti come pressione atmosferica, venti, correnti e fronti meteorologici. Interpretazione delle Mappe e dei Modelli Meteorologici: Imparerai a leggere e interpretare mappe meteorologiche, modelli e previsioni, utilizzando strumenti moderni e tecnologie avanzate per prendere decisioni informate durante la navigazione. Strategie di Routing Ottimizzate: Approfondirai le strategie di routing ottimizzate per le regate competitive e le crociere, comprendendo come pianificare itinerari efficaci, evitare le condizioni meteorologiche avverse e sfruttare al meglio i venti e le correnti. Utilizzo di Strumenti e Risorse Tecnologiche: Esplorerai l&#8217;uso di strumenti e risorse tecnologiche, come radar, GPS, AIS e software di routing, per migliorare la tua capacit\u00e0 di navigare in sicurezza e con precisione. Gestione dei Rischi e Sicurezza in Mare: Capirai l&#8217;importanza della gestione dei rischi e della sicurezza in mare, imparando le migliori pratiche per affrontare situazioni di emergenza e navigare in condizioni meteorologiche impegnative. Velisti Competitivi: Se partecipi a regate competitive, questo corso ti dar\u00e0 un vantaggio strategico, aiutandoti a prendere decisioni rapide e intelligenti per ottenere prestazioni migliori. Velisti da Crociera: Se preferisci crociere rilassanti, questo corso ti fornir\u00e0 le conoscenze necessarie per pianificare itinerari sicuri e piacevoli, evitando le tempeste e sfruttando al meglio le condizioni meteorologiche favorevoli. Il nostro corso combina lezioni teoriche con sessioni pratiche sul campo, offrendo un approccio equilibrato che ti permetter\u00e0 di applicare immediatamente ci\u00f2 che impari. Le lezioni sono condotte da esperti nel settore della vela e della meteorologia marittima, garantendo un apprendimento di alta qualit\u00e0 e una comprensione approfondita dei concetti trattati. Non importa se sei un principiante assoluto o un velista esperto, il nostro corso \u00e8 adatto a tutti i livelli di competenza. Sia che tu stia cercando di migliorare le tue prestazioni in regata o semplicemente di goderti al meglio le tue avventure in mare, il Corso di Formazione di Strategia Meteo e Routing per Barche a Vela \u00e8 la tua chiave per navigare con successo e sicurezza in ogni situazione.<\/p>\n","protected":false},"author":1,"featured_media":0,"parent":0,"menu_order":0,"comment_status":"closed","ping_status":"closed","template":"page-templates\/template-pagebuilder-full-width.php","meta":{"_monsterinsights_skip_tracking":false,"_monsterinsights_sitenote_active":false,"_monsterinsights_sitenote_note":"","_monsterinsights_sitenote_category":0,"neve_meta_sidebar":"","neve_meta_container":"","neve_meta_enable_content_width":"","neve_meta_content_width":0,"neve_meta_title_alignment":"","neve_meta_author_avatar":"","neve_post_elements_order":"","neve_meta_disable_header":"","neve_meta_disable_footer":"","neve_meta_disable_title":"","footnotes":""},"class_list":["post-239","page","type-page","status-publish","hentry"],"jetpack_sharing_enabled":true,"_links":{"self":[{"href":"https:\/\/www.giannibianchini.it\/index.php\/wp-json\/wp\/v2\/pages\/239","targetHints":{"allow":["GET"]}}],"collection":[{"href":"https:\/\/www.giannibianchini.it\/index.php\/wp-json\/wp\/v2\/pages"}],"about":[{"href":"https:\/\/www.giannibianchini.it\/index.php\/wp-json\/wp\/v2\/types\/page"}],"author":[{"embeddable":true,"href":"https:\/\/www.giannibianchini.it\/index.php\/wp-json\/wp\/v2\/users\/1"}],"replies":[{"embeddable":true,"href":"https:\/\/www.giannibianchini.it\/index.php\/wp-json\/wp\/v2\/comments?post=239"}],"version-history":[{"count":49,"href":"https:\/\/www.giannibianchini.it\/index.php\/wp-json\/wp\/v2\/pages\/239\/revisions"}],"predecessor-version":[{"id":965,"href":"https:\/\/www.giannibianchini.it\/index.php\/wp-json\/wp\/v2\/pages\/239\/revisions\/965"}],"wp:attachment":[{"href":"https:\/\/www.giannibianchini.it\/index.php\/wp-json\/wp\/v2\/media?parent=239"}],"curies":[{"name":"wp","href":"https:\/\/api.w.org\/{rel}","templated":true}]}}